hat is the remainder when 1202 is divided by 79?
17
Calculate the remainder when 14000 is divided by 636.
8
What is the remainder when 613006 is divided by 542?
4
What is the remainder when 4717 is divided by 434?
377
What is the remainder when 2699 is divided by 2546?
153
Calculate the remainder when 28969 is divided by 33.
28
Calculate the remainder when 53323 is divided by 476.
11
What is the remainder when 6483 is divided by 240?
3
What is the remainder when 7679 is divided by 1893?
107
What is the remainder when 59276 is divided by 4228?
84
Calculate the remainder when 1293224 is divided by 22.
20
Calculate the remainder when 81720 is divided by 81662.
58
What is the remainder when 18095 is divided by 42?
35
What is the remainder when 2621 is divided by 158?
93
Calculate the remainder when 1199654 is divided by 1117.
1113
Calculate the remainder when 2683393 is divided by 55.
53
Calculate the remainder when 55403 is divided by 13838.
51
What is the remainder when 972 is divided by 66?
48
Calculate the remainder when 1935 is divided by 19.
16
What is the remainder when 3583 is divided by 261?
190
Calculate the remainder when 2110 is divided by 42.
10
What is the remainder when 16234 is divided by 132?
130
Calculate the remainder when 23269 is divided by 7753.
10
What is the remainder when 101811 is divided by 142?
139
What is the remainder when 7494 is divided by 2492?
18
What is the remainder when 10284 is divided by 2570?
4
Calculate the remainder when 621 is divided by 558.
63
Calculate the remainder when 11859 is divided by 113.
107
Calculate the remainder when 6755 is divided by 3244.
267
Calculate the remainder when 583 is divided by 368.
215
What is the remainder when 114662 is divided by 468?
2
What is the remainder when 1786050 is divided by 401?
397
What is the remainder when 1345 is divided by 7?
1
Calculate the remainder when 110108 is divided by 218.
18
Calculate the remainder when 1005 is divided by 110.
15
What is the remainder when 8664 is divided by 40?
24
What is the remainder when 1293393 is divided by 161673?
9
What is the remainder when 5306 is divided by 1767?
5
What is the remainder when 1722 is divided by 165?
72
What is the remainder when 79580 is divided by 48?
44
What is the remainder when 3467 is divided by 998?
473
What is the remainder when 4275 is divided by 36?
27
What is the remainder when 21439 is divided by 10690?
59
Calculate the remainder when 3318 is divided by 1653.
12
What is the remainder when 1576 is divided by 1?
0
What is the remainder when 64532 is divided by 347?
337
What is the remainder when 66974 is divided by 22?
6
What is the remainder when 137889 is divided by 383?
9
What is the remainder when 80539 is divided by 96?
91
Calculate the remainder when 9886 is divided by 9878.
8
What is the remainder when 1960 is divided by 58?
46
Calculate the remainder when 842 is divided by 211.
209
Calculate the remainder when 107885 is divided by 17976.
29
What is the remainder when 22411 is divided by 45?
1
What is the remainder when 91017 is divided by 78?
69
Calculate the remainder when 8408 is divided by 100.
8
Calculate the remainder when 1095 is divided by 279.
258
Calculate the remainder when 7766 is divided by 185.
181
What is the remainder when 296485 is divided by 513?
484
What is the remainder when 1564 is divided by 530?
504
Calculate the remainder when 42711 is divided by 509.
464
What is the remainder when 18937 is divided by 678?
631
Calculate the remainder when 699 is divided by 487.
212
Calculate the remainder when 262687 is divided by 207.
4
What is the remainder when 9398 is divided by 76?
50
What is the remainder when 137225 is divided by 154?
11
Calculate the remainder when 4072 is divided by 1090.
802
What is the remainder when 356 is divided by 327?
29
What is the remainder when 200707 is divided by 66863?
118
Calculate the remainder when 794738 is divided by 395.
393
What is the remainder when 122747 is divided by 224?
219
What is the remainder when 47626 is divided by 49?
47
Calculate the remainder when 20595 is divided by 23.
10
Calculate the remainder when 24801 is divided by 4017.
699
Calculate the remainder when 3192 is divided by 1053.
33
Calculate the remainder when 536804 is divided by 361.
358
What is the remainder when 2716 is divided by 904?
4
Calculate the remainder when 674891 is divided by 54.
53
What is the remainder when 12528 is divided by 261?
0
Calculate the remainder when 2655 is divided by 380.
375
Calculate the remainder when 295851 is divided by 43.
11
What is the remainder when 498188 is divided by 29?
26
Calculate the remainder when 4233 is divided by 693.
75
What is the remainder when 1306 is divided by 65?
6
What is the remainder when 26316 is divided by 13152?
12
What is the remainder when 10864 is divided by 3529?
277
What is the remainder when 4651 is divided by 53?
40
Calculate the remainder when 362 is divided by 112.
26
Calculate the remainder when 24375 is divided by 307.
122
What is the remainder when 9204 is divided by 56?
20
What is the remainder when 47167 is divided by 107?
87
What is the remainder when 194782 is divided by 27823?
21
Calculate the remainder when 8035 is divided by 735.
685
What is the remainder when 19047 is divided by 4757?
19
What is the remainder when 727199 is divided by 101?
100
What is the remainder when 7056851 is divided by 772?
771
Calculate the remainder when 294063 is divided by 778.
757
What is the remainder when 118263 is divided by 152?
7
Calculate the remainder when 40147 is divided by 125.
22
What is the remainder when 5237 is divided by 655?
652
What is the remainder when 11332 is divided by 516?
496
What is the remainder when 6335 is divided by 107?
22
What is the remainder when 352072 is divided by 25?
22
Calculate the remainder when 3012 is divided by 112.
100
What is the remainder when 2960 is divided by 501?
455
What is the remainder when 419 is divided by 381?
38
What is the remainder when 1747 is divided by 201?
139
What is the remainder when 47225 is divided by 83?
81
Calculate the remainder when 80428 is divided by 210.
208
Calculate the remainder when 44666 is divided by 2618.
160
What is the remainder when 360371 is divided by 1360?
1331
Calculate the remainder when 28949 is divided by 38.
31
What is the remainder when 46931 is divided by 3676?
2819
What is the remainder when 447748 is divided by 43?
32
Calculate the remainder when 18003 is divided by 87.
81
Calculate the remainder when 60077 is divided by 38.
37
Calculate the remainder when 342782 is divided by 103.
101
What is the remainder when 11637 is divided by 600?
237
What is the remainder when 2102634 is divided by 539?
534
Calculate the remainder when 1920 is divided by 625.
45
Calculate the remainder when 4296 is divided by 328.
32
What is the remainder when 980198 is divided by 263?
260
Calculate the remainder when 12241 is divided by 228.
157
What is the remainder when 8174879 is divided by 1573?
1571
What is the remainder when 35578 is divided by 15?
13
Calculate the remainder when 165848 is divided by 301.
298
Calculate the remainder when 677455 is divided by 47.
44
Calculate the remainder when 797 is divided by 187.
49
What is the remainder when 722 is divided by 96?
50
What is the remainder when 3910 is divided by 309?
202
Calculate the remainder when 74759 is divided by 87.
26
Calculate the remainder when 30721 is divided by 51.
19
What is the remainder when 1777405 is divided by 174?
169
Calculate the remainder when 31989 is divided by 108.
21
What is the remainder when 4458 is divided by 2219?
20
What is the remainder when 17779 is divided by 444?
19
Calculate the remainder when 219471 is divided by 18.
15
Calculate the remainder when 32835 is divided by 2525.
10
Calculate the remainder when 581782 is divided by 41.
33
Calculate the remainder when 1397 is divided by 176.
165
Calculate the remainder when 2648 is divided by 178.
156
What is the remainder when 38058 is divided by 12677?
27
Calculate the remainder when 451 is divided by 95.
71
What is the remainder when 61545 is divided by 61512?
33
What is the remainder when 6073 is divided by 1009?
19
What is the remainder when 4048 is divided by 6?
4
What is the remainder wh